of 6891636?
6
What is the thousands digit of 1491128?
1
What is the millions digit of 1184759?
1
What is the thousands digit of 40071?
0
What is the thousands digit of 680698?
0
What is the hundreds digit of 396743?
7
What is the thousands digit of 188621?
8
What is the millions digit of 8222458?
8
What is the tens digit of 18103386?
8
What is the millions digit of 1863318?
1
What is the units digit of 14273623?
3
What is the thousands digit of 11618918?
8
What is the hundred thousands digit of 388598?
3
What is the tens digit of 737030?
3
What is the ten millions digit of 10287040?
1
What is the hundreds digit of 404174?
1
What is the tens digit of 293856?
5
What is the millions digit of 2296958?
2
What is the ten thousands digit of 4925014?
2
What is the tens digit of 9298558?
5
What is the tens digit of 162105?
0
What is the units digit of 2512121?
1
What is the hundred thousands digit of 228379?
2
What is the hundred thousands digit of 4919966?
9
What is the ten thousands digit of 332315?
3
What is the thousands digit of 55957?
5
What is the hundreds digit of 1448760?
7
What is the ten thousands digit of 621291?
2
What is the hundred thousands digit of 1508688?
5
What is the ten thousands digit of 2663373?
6
What is the ten thousands digit of 62567?
6
What is the ten millions digit of 29871842?
2
What is the hundred thousands digit of 6242987?
2
What is the hundreds digit of 4183234?
2
What is the thousands digit of 1037716?
7
What is the ten thousands digit of 243096?
4
What is the millions digit of 1269638?
1
What is the hundred thousands digit of 328593?
3
What is the ten thousands digit of 1458287?
5
What is the units digit of 167591?
1
What is the millions digit of 2144222?
2
What is the hundred thousands digit of 16458966?
4
What is the hundred thousands digit of 119197?
1
What is the millions digit of 3881665?
3
What is the hundred thousands digit of 7407199?
4
What is the ten thousands digit of 257219?
5
What is the hundreds digit of 1116581?
5
What is the tens digit of 111638?
3
What is the hundred thousands digit of 268338?
2
What is the tens digit of 8871?
7
What is the ten thousands digit of 64148?
6
What is the ten thousands digit of 6202637?
0
What is the thousands digit of 3495?
3
What is the tens digit of 189576?
7
What is the hundreds digit of 4286309?
3
What is the millions digit of 1066709?
1
What is the hundreds digit of 105067?
0
What is the millions digit of 2556085?
2
What is the units digit of 66557?
7
What is the tens digit of 10590043?
4
What is the hundreds digit of 8864579?
5
What is the units digit of 73847?
7
What is the units digit of 1564823?
3
What is the thousands digit of 781521?
1
What is the tens digit of 16463959?
5
What is the ten thousands digit of 2042330?
4
What is the units digit of 122095?
5
What is the ten thousands digit of 3498753?
9
What is the ten thousands digit of 230853?
3
What is the units digit of 251219?
9
What is the tens digit of 35668503?
0
What is the tens digit of 34393?
9
What is the thousands digit of 1971719?
1
What is the tens digit of 1574898?
9
What is the tens digit of 538848?
4
What is the units digit of 313367?
7
What is the hundreds digit of 216972?
9
What is the hundred thousands digit of 174560?
1
What is the hundreds digit of 442627?
6
What is the ten thousands digit of 2919941?
1
What is the thousands digit of 104228?
4
What is the units digit of 836453?
3
What is the units digit of 281469?
9
What is the hundreds digit of 1328126?
1
What is the thousands digit of 707365?
7
What is the units digit of 10876163?
3
What is the millions digit of 23982612?
3
What is the hundreds digit of 479400?
4
What is the ten thousands digit of 3326705?
2
What is the hundred thousands digit of 1038180?
0
What is the tens digit of 4645584?
8
What is the ten thousands digit of 894432?
9
What is the thousands digit of 714646?
4
What is the ten thousands digit of 16132?
1
What is the tens digit of 1919817?
1
What is the hundred thousands digit of 1655412?
6
What is the units digit of 10557587?
7
What is the hundreds digit of 4808491?
4
What is the units digit of 481893?
3
What is the hundreds digit of 1818515?
5
What is the ten thousands digit of 549366?
4
What is the ten thousands digit of 13305600?
0
What is the hundred thousands digit of 33335430?
3
What is the ten thousands digit of 7427514?
2
What is the thousands digit of 1400174?
0
What is the tens digit of 1193560?
6
What is the hundred thousands digit of 202811?
2
What is the thousands digit of 4185969?
5
What is the ten thousands digit of 16122497?
2
What is the hundred thousands digit of 445458?
4
What is the units digit of 4474602?
2
What is the hundred thousands digit of 3344033?
3
What is the thousands digit of 24381?
4
What is the thousands digit of 11295557?
5
What is the thousands digit of 3704829?
4
What is the tens digit of 107376?
7
What is the ten millions digit of 16666874?
1
What is the ten thousands digit of 145962?
4
What is the thousands digit of 8096760?
6
What is the tens digit of 1395408?
0
What is the hundred thousands digit of 249938?
2
What is the thousands digit of 2229611?
9
What is the thousands digit of 1356310?
6
What is the millions digit of 6084140?
6
What is the units digit of 120114?
4
What is the units digit of 1103049?
9
What is the tens digit of 4680160?
6
What is the hundred thousands digit of 15358955?
3
What is the ten thousands digit of 45581?
4
What is the thousands digit of 1107762?
7
What is the tens digit of 356190?
9
What is the hundred thousands digit of 6003046?
0
What is the units digit of 29902?
2
What is the ten thousands digit of 22735435?
3
What is the thousands digit of 387810?
7
What is the thousands digit of 1270405?
0
What is the hundreds digit of 4376174?
1
What is the tens digit of 3915144?
4
What is the millions digit of 2834203?
2
What is the millions digit of 5731861?
5
What is the hundred thousands digit of 1039964?
0
What is the tens digit of 2498976?
7
What is the tens digit of 3889199?
9
What is the thousands digit of 1012565?
2
What is the tens digit of 891221?
2
What is the ten thousands digit of 193251?
9
What is the units digit of 885668?
8
What is the units digit of 8461308?
8
What is the tens digit of 606654?
5
What is the millions digit of 9473749?
9
What is the hundred thousands digit of 356363?
3
What is the tens digit of 699846?
4
What is the ten thousands digit of 676388?
7
What is the units digit of 5285395?
5
What is the ten thousands digit of 263848?
6
What is the hundreds digit of 4859747?
7
What is the units digit of 707674?
4
What is the units digit of 7432460?
0
What is the units digit of 1268435?
5
What is the tens digit of 725961?
6
What is the millions digit of 10001090?
0
What is the ten thousands digit of 592478?
9
What is the units digit of 3777521?
1
What is the hundred thousands digit of 3859081?
8
What is the hundreds digit of 2999210?
2
What is the tens digit of 2912667?
6
What is the ten thousands digit of 1493029?
9
What is the tens digit of 1002533?
3
What is the hundreds digit of 100271?
2
What is the ten thousands digit of 187803?
8
What is the hundreds digit of 10148?
1
What is the ten thousands digit of 1162474?
6
What is the tens digit of 241326?
2
What is the tens digit of 3481912?
1
What is the ten thousands digit of 22677?
2
What is the hundred thousands digit of 249361?
2
What is the units digit of 841638?
8
What is the thousands digit of 6122116?
2
What is the ten millions digit of 20674380?
2
What is the tens digit of 1588994?
9
What is the hundreds digit of 4126732?
7
What is the thousands digit of 2037224?
7
What is the tens digit of 301546?
4
What is the tens digit of 234588?
8
What is the hundred thousands digit of 457377?
4
What is the ten thousands digit of 8908897?
0
What is the units digit of 4471345?
5
What is the tens digit of 2548426?
2
What is the ten thousands digit of 79329?
7
What is the thousands digit of 1250846?
0
What is the units digit of 5774602?
2
What is the hundreds digit of 369011?
0
What is the hundreds digit of 3640408?
4
What is the hundreds digit of 703948?
9
What is the units digit of 1039756?
6
What is the units digit of 77418?
8
What is the tens digit of 1851922?
2
What is the hundreds digi